lculate u(3).
-38
Let p(s) = -221098*s - 1547683. What is p(-7)?
3
Let j(c) = -9673*c + 19317. Give j(2).
-29
Let i(r) = 3753*r + 3884. Give i(-1).
131
Let r(w) = 688*w**2 + 14459*w - 3. Calculate r(-21).
-234
Let g(l) = -1315*l**2 - 10510*l + 14. What is g(-8)?
-66
Let y(d) = 2326*d + 77092. What is y(-33)?
334
Let g(q) = -1932*q**2 + 17444*q - 16. Determine g(9).
488
Let b(g) = 184*g + 2738. Give b(-15).
-22
Let l(z) = -13*z**3 + 4*z**2 + 8*z + 110. What is l(0)?
110
Let c(b) = -58*b**2 + 229*b - 229. What is c(1)?
-58
Let m(h) = 3*h**3 + 236*h**2 + 42*h + 9562. Determine m(-79).
3
Let h(d) = -1024*d - 121168. Calculate h(-119).
688
Let o(j) = 21761*j + 3699364. What is o(-170)?
-6
Let w(v) = -v**3 - 7*v**2 - 59*v - 352. Calculate w(-5).
-107
Let f(y) = 4*y**2 + 570*y - 266454. Determine f(-339).
0
Let g(k) = k**2 - 2628*k + 18407. Determine g(7).
60
Let i(y) = -y**2 + 124*y - 3532. Give i(59).
303
Let l(r) = -r**2 - 311749*r + 6235377. What is l(20)?
-3
Let b(o) = -87*o - 2893. What is b(-33)?
-22
Let h(a) = -a**3 + 43*a**2 + 22*a - 146. Determine h(44).
-1114
Let q(k) = -53*k**3 + 351*k**2 + 571*k - 251. Determine q(-2).
435
Let l(s) = 3308*s + 1058565. Determine l(-320).
5
Let z(f) = -169*f - 15321. Give z(-90).
-111
Let v(r) = 171*r + 7878. Determine v(-46).
12
Let a(k) = -k**3 - 31*k**2 + 742*k + 206. What is a(-47)?
676
Let r(q) = 124*q**3 + 18*q**2 + 50*q + 174. Calculate r(-3).
-3162
Let r(g) = g**2 + 762*g + 20661. Calculate r(-28).
109
Let z(h) = -3*h**3 + 29*h**2 + 273*h - 2631. Determine z(9).
-12
Let t(a) = 1193*a - 163436. Give t(137).
5
Let d(z) = -69*z - 1526. Calculate d(-22).
-8
Let r(m) = 2*m**3 - 151*m**2 + 72*m + 180. What is r(75)?
-45
Let c(b) = -b**3 + 92*b**2 - 271*b - 28. Determine c(89).
-384
Let n(i) = 32704*i**2 + 196228*i + 21. Give n(-6).
-3
Let q(t) = -6*t**3 + 3*t**2 - t + 127. Determine q(-6).
1537
Let i(r) = 52434*r + 262123. Determine i(-5).
-47
Let x(a) = 100*a - 10344. Give x(106).
256
Let u(a) = -12*a**2 + 13151*a + 476181. Determine u(1131).
30
Let y(p) = -p**3 - 271*p**2 + 33855*p + 1101. Give y(-364).
9
Let x(o) = -1620*o - 84243. Give x(-52).
-3
Let w(c) = 6593*c - 448330. Calculate w(68).
-6
Let j(x) = 89024*x - 1068295. Determine j(12).
-7
Let r(y) = 14*y**2 + 283*y + 1271. Determine r(-12).
-109
Let u(q) = -2*q**3 + 14*q**2 + 160*q + 26. Give u(-6).
2
Let p(g) = 61*g**2 + 160*g - 611. Determine p(4).
1005
Let w(p) = -p**2 - 1384*p - 78156. Give w(-59).
19
Let o(w) = 92958*w + 372021. Determine o(-4).
189
Let m(u) = -91*u**2 + 31*u + 357. Give m(-4).
-1223
Let u(x) = 54056*x + 216183. Calculate u(-4).
-41
Let n(j) = 103*j**2 - 1238*j + 28. What is n(12)?
4
Let b(g) = 21452*g + 171449. Calculate b(-8).
-167
Let v(h) = -28074*h - 421105. What is v(-15)?
5
Let z(u) = -u**3 - 277*u**2 + 758*u + 133449. Give z(-278).
9
Let h(q) = -53931*q - 539336. What is h(-10)?
-26
Let f(h) = 763*h - 221258. Determine f(290).
12
Let c(w) = -2*w**3 - 190*w**2 - 1766*w + 6896. Give c(-84).
8
Let d(f) = 3529*f + 7613. Calculate d(-2).
555
Let o(f) = 2798*f - 42662. What is o(14)?
-3490
Let f(n) = -2655*n + 36857. Determine f(14).
-313
Let v(l) = 96*l**2 - 650*l - 4. Determine v(6).
-448
Let b(q) = -q**2 + 202*q - 10306. Give b(100).
-106
Let m(t) = 2*t**3 - 22*t**2 + 5588*t - 44301. Give m(8).
19
Let u(g) = -g**3 - 19*g**2 + 220*g - 3465. Give u(-30).
-165
Let k(p) = -16774*p - 368975. Calculate k(-22).
53
Let i(s) = -65*s + 5952. Give i(92).
-28
Let c(r) = 2*r**3 + 5*r**2 + 1132*r + 5679. Calculate c(-5).
-106
Let m(f) = 223*f**2 - 1380*f + 75. Calculate m(6).
-177
Let q(p) = 4*p**3 - 151*p**2 + 704*p + 37. Give q(5).
282
Let u(a) = 58*a**2 + 4344*a - 433. Determine u(-75).
17
Let p(d) = 3*d**3 + 478*d**2 + 171*d + 1650. Determine p(-159).
-258
Let l(b) = 23*b**2 - 89*b + 194. Determine l(4).
206
Let o(c) = 182799*c + 2010701. Give o(-11).
-88
Let y(x) = 2*x**3 - 75*x**2 + 40*x - 452. Determine y(37).
-341
Let p(t) = 13*t**2 + 1472*t - 8791. Calculate p(-119).
134
Let c(b) = -581*b + 135509. Give c(233).
136
Let v(s) = -2*s**3 + 236*s**2 + 178*s - 20988. Give v(118).
16
Let n(h) = h**3 - 44*h**2 - 2508*h + 110391. Determine n(50).
-9
Let w(l) = 2206*l**2 - 39712*l + 76. Give w(18).
4
Let v(o) = -o**3 - 419*o**2 - 1347*o - 41233. Calculate v(-416).
-49
Let o(v) = -4*v**2 + 354*v + 850. What is o(91)?
-60
Let n(i) = -27316*i - 2267227. Determine n(-83).
1
Let p(x) = 196*x + 13044. Determine p(-66).
108
Let j(g) = -5710*g - 451032. What is j(-79)?
58
Let d(f) = -7*f**2 + 3479*f - 82601. What is d(25)?
-1
Let s(c) = 1272*c + 13193. Calculate s(-10).
473
Let p(k) = -k**3 - 28*k**2 + 1259*k + 30608. Determine p(-22).
6
Let j(m) = -m**3 + 113*m + 839. Give j(-12).
1211
Let k(f) = -29*f**3 - 3*f**2 + 11*f + 52. Calculate k(-3).
775
Let k(p) = -539*p - 6556. Determine k(-12).
-88
Let t(n) = -583*n - 1202. Determine t(-3).
547
Let l(x) = 9*x**2 - 96*x - 552. Determine l(15).
33
Let n(u) = -230325*u - 1151522. Give n(-5).
103
Let w(q) = 1116022*q - 26784528. Give w(24).
0
Let i(h) = 3*h**3 - 519*h**2 + 22302*h - 2257. Determine i(94).
-1
Let l(q) = -2*q**2 - 589*q - 41572. What is l(-180)?
-352
Let o(p) = -2*p**2 - 3619*p - 39572. Calculate o(-11).
-5
Let z(p) = p**2 + 1836*p + 20310. Determine z(-11).
235
Let r(x) = 2956*x**2 - 945928*x + 2557. What is r(320)?
-3
Let m(a) = -2*a**2 - 3121*a - 37612. What is m(-12)?
-448
Let d(v) = 3*v**2 - 51*v - 8. Give d(15).
-98
Let j(a) = 9*a**2 - 184*a + 558. Calculate j(15).
-177
Let k(x) = -2816*x - 33078. Calculate k(-12).
714
Let t(d) = -d**2 + 206*d - 4982. Determine t(28).
2
Let n(p) = -3*p**2 + 1378*p + 5529. Calculate n(-4).
-31
Let o(w) = 2*w**3 + 132*w**2 + 103*w - 1546. Calculate o(-65).
209
Let b(y) = -6*y**3 - 757*y**2 + 703*y + 8620. Give b(-127).
-16
Let a(m) = 6*m**2 - 325*m - 4239. Give a(-11).
62
Let a(m) = m**3 + 45*m**2 + 322*m + 87. Give a(-32).
3095
Let n(p) = -387553*p + 2325315. Give n(6).
-3
Let t(f) = -3*f**3 + 14*f**2 - 159. Calculate t(9).
-1212
Let b(c) = -635*c - 5301. Calculate b(-8).
-221
Let q(m) = 115680*m + 53212799. Calculate q(-460).
-1
Let i(v) = 25*v**3 - 450*v**2 - v - 5. What is i(18)?
-23
Let j(s) = -80*s - 984. Calculate j(-14).
136
Let n(c) = -c**3 - 1090*c**2 + 4300*c - 83127. What is n(-1094)?
17
Let r(g) = 2*g**3 + 71*g**2 - 467*g - 609. Calculate r(-41).
47
Let c(z) = 649*z**2 + 16866*z - 199. Give c(-26).
9
Let o(r) = -43*r**2 - 695*r + 146. Give o(-16).
258
Let p(i) = -53013*i + 22795596. What is p(430)?
6
Let i(q) = 18*q**2 - 39697*q - 39694. Calculate i(-1).
21
Let u(y) = -158*y**2 - 313*y + 485. Give u(-3).
2
Let c(h) = -203*h**2 + 66382*h - 355. Calculate c(327).
-28
Let a(q) = -3*q**2 + 1891*q + 30459. Determine a(-16).
-565
Let o(k) = -664*k**2 + 18590*k + 35. Determine o(28).
-21
Let x(v) = 277*v**2 + 3276*v - 8. Calculate x(-12).
568
Let f(a) = 2*a**3 - 43*a**2 + 102*a + 146. Determine f(-1).
-1
Let l(a) = -3*a**3 - 1012*a**2 - 4529*a - 66600. Determine l(-333).
0
Let q(s) = -27*s**2 + 29*s + 122. What is q(-7)?
-1404
Let x(r) = r**3 - 117*r**2 + 64*r + 5616. Give x(116).
-416
Let k(x) = x**3 + 14*x**2 - 81*x - 45. Calculate k(-15).
945
Let a(k) = -39*k**2 - 237*k - 1515. Calculate a(-7).
-1767
Let r(n) = -13*n**2 - 29*n + 87. Determine r(3).
-117
Let g(x) = -313182*x - 16285460. Calculate g(-52).
4
Let p(c) = -2*c**3 + 6*c**2 + 521*c - 2575. Determine p(5).
-70
Let w(r) = 12*r**2 - 1168*r + 16646. Calculate w(80).
6
Let s(a) = -2*a**2 - 197*a + 27277. Determine s(-176).
-3
Let s(v) = v**3 + 596*v**2 - 2033*v + 698. What is s(3)?
-10
Let r(z) = -2*z**3 - 134*z**2 + 1034*z + 80. Give r(-74).
228
Let x(d) = 329*d - 5476. Give x(15).
-541
Let s(h) = 9*h**2 + 142*h - 813. Give s(-13).
-1138
Let a(c) = 15544*c + 932584. What is a(-60)?
-56
Let o(x) = 7547*x + 7799. Give o(-1).
252
Let y(q) = -4619*q + 503423. Calculate y(109).
-48
Let u(s) = -7*s**3 - 41*s**2 - 8*s - 31. Calculate u(-4).
-207
Let c(r) = -r**3 + 92*r**2 + 287*r - 225. Calculate c(95).
-35
Let w(s) = 21082*s - 210896. Calculate w(10).
-76
Let y(x) = -19*x**2 + 2035*x - 185. Calculate y(107).
29
Let z(l) = 12*l - 2195. Calculate z(281).
1177
Let v(r) = r**3 - 99*r**2 + 1532*r - 299. What is v(80)?
661
Let b(o) = -4634*o + 123092. Give b(25).
7242
Let a(i) = 753*i + 251